 440. Calculate the remainder when m is divided by 22.
5
Let u = -56 - -63. Suppose -c = -2*a + u - 44, -2*c + 84 = a. Let v = 53 - c. What is the remainder when 22 is divided by v?
10
Suppose 5*w + 349 = -36. Let p = w - -88. Calculate the remainder when 76 is divided by p.
10
Suppose 3*m - 2*v = 3868, 2*v - 5 = -3. What is the remainder when m is divided by 68?
66
Suppose -2*v + 3846 = 5*d, -3*d + 1917 = v - 2*d. Calculate the remainder when v is divided by 22.
21
Let v = -89 - -93. Suppose -4*n - 10 = -6*n, -68 = -v*f + 4*n. What is the remainder when f is divided by 13?
9
Let a(p) = 22*p - 3400. What is the remainder when 83 is divided by a(158)?
7
Suppose 0 = -51*u + 12*u + 2808. Calculate the remainder when u/((48/(-18))/(-4)) is divided by 14.
10
Suppose -23*s + 25*s = 6. Suppose -k + 337 = 2*p, s*k = 2*p + p - 519. Suppose 15 = -3*j, -i + 4*j - 29 + 92 = 0. What is the remainder when p is divided by i?
41
Suppose 6*r - 170 = -2*v + 4*r, -r = 4*v - 355. Let x be (-152)/(-15) + (-12)/v. Suppose 258 = -x*f + 788. Calculate the remainder when f is divided by 11.
9
Let n = 476 + -466. Suppose 163 = n*f - 177. What is the remainder when 123 is divided by f?
21
Let l(c) = -38*c**3 - 9*c - 86. Calculate the remainder when l(-4) is divided by 217.
212
Suppose -2*l - 395 = -3*t, 4*t + 3*l = 4*l + 530. What is the remainder when t is divided by 75?
58
Suppose 0*a = a - 30. Let n(s) = -31*s + 32. Let j(b) = -34*b + 31. Let d(h) = -2*j(h) + 3*n(h). What is the remainder when a is divided by d(1)?
3
Let m(r) = 7*r + 12. Let f(c) = -2*c**2 + 11*c - 6. Let t be f(4). Let p be m(t). Suppose 4*q - p = -2. What is the remainder when q is divided by 5?
3
Let l(a) = -7*a**2 - 5*a + 1. Let j(i) = 21*i**2 + 15*i - 4. Let g(t) = -2*j(t) - 7*l(t). What is the remainder when g(4) is divided by 18/(-117)*221/(-1)?
31
Suppose 2*v = -147 + 95. What is the remainder when 404 is divided by (3 - 1) + -3*v/6?
14
Let v(b) = -b**3 + 7*b**2 + 13. Let y(u) = u**3 - 4*u**2 + 5*u + 7. Calculate the remainder when v(6) is divided by y(3).
10
Suppose m + 3*t - 12 = 28, -3*t + 9 = 0. Suppose -15*w - 147 = -282. Calculate the remainder when m is divided by w.
4
Let s be (0 - (2 - 0))/(72/(-180)). Let k(m) = -m**3 + 8*m**2 - 6*m - 28. Calculate the remainder when 95 is divided by k(s).
10
Suppose -19*k + 25*k = 12. Calculate the remainder when 58 is divided by -27*4/(-12)*k.
4
Let c = -1456 - -1823. What is the remainder when c is divided by 48?
31
Suppose 54 = -4*q + o + 240, q - 5*o = 37. Suppose -x = h + 4*h - 9, 4 = 3*h + 2*x. Suppose 10 = -n + h*n. Calculate the remainder when q is divided by n.
7
Suppose -48*l = -26*l + 1078. What is the remainder when 429 is divided by ((-42)/l)/((-9)/(-1134))?
105
Suppose 5*t = 7*t - i - 60, 3*t = -5*i + 51. What is the remainder when t is divided by (-1)/3 - (-49)/3?
11
Let n = 70 - -109. What is the remainder when n is divided by (-2)/13 - (-4 + (-580)/52)?
14
Suppose 2*j = 3*j + x - 297, 4*j - 3*x = 1181. Calculate the remainder when 908 is divided by j.
20
Let h be -86 - -84 - (-3 + -1 + 1). Calculate the remainder when (-2)/1 + (-165)/(-3) - h is divided by 4.
0
Let d(t) = 3*t + 13. Let c(n) = -n**3 + 21*n**2 - n + 23. Let w be c(21). Calculate the remainder when 51 is divided by d(w).
13
Suppose -2*h + 223 = -562*p + 563*p, 4*h = -5*p + 431. Calculate the remainder when 482 is divided by h.
26
Let z(n) be the second derivative of n**5/20 - n**4/3 - 5*n**3/6 - 15*n**2/2 + 31*n - 3. Calculate the remainder when 103 is divided by z(6).
22
Let u(r) = -r**2 + 3*r + 11. Suppose -7*x + 3*x = 36. Let l be u(x). Let i = 178 + l. Calculate the remainder when i is divided by 12.
9
Let q(o) = 3*o**2 + 7*o - 4. Let b = 420 + -341. Calculate the remainder when b is divided by q(-4).
15
Suppose 174 + 386 = 8*x. Let w = x + -61. Let a(s) = 4*s + 19. Calculate the remainder when a(w) is divided by 15.
10
Suppose 2*z = -v + 154, 4*z + 0*v - 3*v = 288. Let i = 7434 - 7287. What is the remainder when i is divided by z?
72
Let f = 38134 + -25113. Calculate the remainder when f is divided by 44.
41
Suppose 5*f + 17 + 203 = 0. Let b = -1 + f. Calculate the remainder when -1*(3 - 2)*b is divided by 12.
9
Suppose -46 = -12*z + 9*z + 4*l, 47 = 3*z - 5*l. Calculate the remainder when z/(-77) + (-6639)/(-33) is divided by 52.
45
Suppose 0*j = 2*j - 34. Let y(g) = 34 + 2*g**2 + 16 - 13 - 4*g + 8. What is the remainder when y(0) is divided by j?
11
Let s(j) = -523*j + 2651. What is the remainder when 85 is divided by s(5)?
13
Suppose -54662 + 27909 = -31*r. Calculate the remainder when r is divided by 151.
108
Suppose -t + 2331 = 3*r, -10*t = -4*t - r - 13967. Calculate the remainder when t is divided by 776.
0
Let s be -4 - 5/((-10)/64). Suppose 0 = 5*z - s + 3. What is the remainder when 72 is divided by z?
2
Calculate the remainder when (22 - (-468)/(-24))/((-171)/172 - -1) is divided by 45.
25
Suppose 0 = c + o + 4*o - 512, -4*c + 5*o + 2098 = 0. Suppose -18*p + c = -12*p. What is the remainder when p is divided by 18?
15
Suppose g + 2*j = 5, -g + 6*g - 123 = 4*j. Calculate the remainder when 680 is divided by g.
15
Suppose -10 = -3*o - 13. Let p be (1/(5/85))/(o/(-3)). Calculate the remainder when 21 is divided by (34/p)/(4/54).
3
Let l be 90/(-1) - (30 - 26). Let o = -140 - l. What is the remainder when 7/(-14)*o/1 is divided by 8?
7
Let m(s) = 7*s**3 - 11*s**2 + 20*s + 4. Let g(y) = -8*y**3 + 11*y**2 - 19*y - 3. Let h(a) = -6*g(a) - 7*m(a). Calculate the remainder when 5 is divided by h(7).
1
Let d = -138 - -264. Let o = -120 + d. Suppose 31 = -2*x + 3*x - 2*l, -5*l - 127 = -4*x. What is the remainder when x is divided by o?
3
Let g be (1/1)/(2/(-44)). Let r be (-1023)/g*(0 + 2). Let a = -76 + r. What is the remainder when a is divided by 5?
2
Let h = 110 - 105. Calculate the remainder when (-33)/(-3)*8/(2/2) is divided by h.
3
Suppose 3*v = 570 - 147. Calculate the remainder when v is divided by (4 + 14 - 86) + 104.
33
Let m(v) = v**3 + 5*v**2 + v + 8. Let w be m(-5). Calculate the remainder when (-1 - -2*8)/w is divided by 5.
0
Let t = -5 - -7. Let w(m) = 8*m**2 - m. Let n(f) = 57*f - 2273. Calculate the remainder when w(t) is divided by n(40).
2
Let i be 3/(-2 + 39/15). Suppose -97 = -4*b + i*d, 31 = b + b + d. What is the remainder when 68 is divided by b?
14
Suppose 0 = 28*s - 24*s - 24. Suppose -50 = -7*p + s. Calculate the remainder when 4 is divided by p/5 + 8/20.
0
Suppose -5*r + 459 + 166 = 0. What is the remainder when r is divided by 48/144*3*16?
13
What is the remainder when (-7 + -148)/(20/(-72)) is divided by 43?
42
Suppose -23*l + 26*l - 1020 = 0. Suppose 0 = -f + 3*y + 63, -23*f - 3*y = -26*f + 177. Calculate the remainder when l is divided by f.
55
Suppose -3*a = i - 75, 3*a + 0*a - 63 = -5*i. What is the remainder when 273 is divided by a?
13
Suppose 5*c = 2*j - 512, -4*j + 3*c = -262 - 776. What is the remainder when j is divided by 125?
11
Let m be 29/(2/(-2 + 0)). Suppose -83*f - 22*f - 6195 = 0. Let v = m - f. What is the remainder when 119 is divided by v?
29
Suppose 0 = -2*j - 12, 10*z - 9*z - j = 105. Calculate the remainder when 1876 is divided by z.
94
Let f(v) be the first derivative of -v**4/4 - 8*v**3 + 21*v - 22. Let q(j) = -10*j**3 - 2*j - 3. Calculate the remainder when q(-2) is divided by f(-24).
18
Let i be 10/((4 + -8)/8). Let f = i + 23. Suppose -2*p + 53 = -0*c - f*c, -85 = -3*p - c. Calculate the remainder when 83 is divided by p.
27
Let o(v) = 107*v**2 + 2*v - 1. Let t = 92209 - 92099. Calculate the remainder when t is divided by o(1).
2
Let z = -3751 + 3799. Calculate the remainder when 193 is divided by z.
1
Suppose p + 211 = 2*p + 2*c, -2*c = -4*p + 884. Let s = p - 40. Calculate the remainder when s is divided by 14.
11
Let k = -261 - 423. Let a = k + 762. What is the remainder when 621 is divided by a?
75
Let m(q) = -q**3 + 23*q**2 - 55*q - 70. Calculate the remainder when m(6) is divided by 98.
16
Suppose 12 + 16 = 2*p. Let f = 123 + p. Let j = 37 + -2. What is the remainder when f is divided by j?
32
Let g(w) = 5*w**2 + w - 2 + 3*w - 2*w**2 + 10. Suppose 2*o - 2 = 4, 3*o - 73 = -2*c. Calculate the remainder when g(-5) is divided by c.
31
Let f(a) = -24*a + 30. Let r be f(-24). Suppose -6*v + r = 114. W